 (base 3) in base 16?
5
0 (base 3) to base 7
0
Convert 1 (base 15) to base 10.
1
-201 (base 8) to base 11
-108
38 (base 13) to base 10
47
-2200 (base 3) to base 4
-1020
What is 5 (base 15) in base 10?
5
0 (base 12) to base 14
0
8 (base 10) to base 13
8
What is -3 (base 13) in base 11?
-3
-13 (base 7) to base 11
-a
Convert -5 (base 6) to base 9.
-5
What is -100001 (base 2) in base 14?
-25
-432 (base 6) to base 10
-164
-84 (base 9) to base 12
-64
-12212 (base 3) to base 2
-10011110
Convert -4 (base 8) to base 10.
-4
Convert -12 (base 5) to base 11.
-7
Convert 1 (base 6) to base 5.
1
What is -6 (base 15) in base 3?
-20
What is 0 (base 13) in base 11?
0
What is 1150 (base 6) in base 10?
282
Convert -144 (base 8) to base 2.
-1100100
Convert -142 (base 5) to base 12.
-3b
-1 (base 10) to base 11
-1
Convert -24 (base 5) to base 16.
-e
What is -254 (base 11) in base 15?
-151
-58 (base 13) to base 14
-53
What is 112 (base 8) in base 11?
68
Convert 96 (base 14) to base 12.
b0
-41 (base 6) to base 16
-19
What is 26 (base 7) in base 15?
15
-2 (base 4) to base 5
-2
What is 0 (base 6) in base 9?
0
What is 0 (base 5) in base 10?
0
Convert -35 (base 7) to base 10.
-26
Convert -10 (base 15) to base 2.
-1111
-55 (base 9) to base 4
-302
-5 (base 14) to base 9
-5
Convert -11202 (base 3) to base 16.
-80
1 (base 5) to base 16
1
Convert 6 (base 8) to base 13.
6
-22 (base 7) to base 4
-100
What is -6 (base 11) in base 5?
-11
Convert -13 (base 6) to base 8.
-11
19 (base 11) to base 13
17
Convert 19 (base 15) to base 16.
18
What is 23 (base 15) in base 3?
1020
Convert 1020 (base 3) to base 14.
25
-120 (base 3) to base 13
-12
What is 1 (base 3) in base 16?
1
111 (base 4) to base 13
18
What is 0 (base 2) in base 5?
0
What is -2223 (base 4) in base 5?
-1141
Convert -104 (base 6) to base 2.
-101000
-100 (base 7) to base 10
-49
Convert 66 (base 8) to base 4.
312
What is 0 (base 11) in base 5?
0
What is -a (base 11) in base 7?
-13
Convert -10 (base 4) to base 10.
-4
-169 (base 15) to base 11
-275
2 (base 13) to base 5
2
What is -5c (base 16) in base 4?
-1130
Convert 11 (base 12) to base 6.
21
What is -1 (base 10) in base 16?
-1
Convert -19 (base 15) to base 9.
-26
2 (base 6) to base 15
2
15 (base 14) to base 9
21
Convert -2 (base 9) to base 15.
-2
Convert 8 (base 9) to base 6.
12
Convert -36 (base 8) to base 3.
-1010
What is -11011 (base 2) in base 8?
-33
Convert -1100 (base 4) to base 7.
-143
What is 16 (base 9) in base 11?
14
Convert 23 (base 4) to base 11.
10
Convert -a (base 15) to base 11.
-a
What is -3 (base 10) in base 2?
-11
-37 (base 12) to base 6
-111
187 (base 11) to base 10
216
What is -14 (base 5) in base 8?
-11
-42 (base 10) to base 4
-222
Convert 25 (base 15) to base 5.
120
-263 (base 8) to base 7
-344
Convert -11 (base 4) to base 3.
-12
-100 (base 4) to base 13
-13
41 (base 14) to base 15
3c
-16 (base 13) to base 15
-14
What is -3 (base 9) in base 4?
-3
Convert -1 (base 6) to base 12.
-1
What is 320 (base 4) in base 12?
48
101 (base 4) to base 12
15
What is 64 (base 12) in base 15?
51
Convert 1244 (base 5) to base 11.
171
10 (base 7) to base 16
7
Convert 86 (base 11) to base 12.
7a
Convert 10 (base 5) to base 16.
5
22 (base 5) to base 12
10
What is c (base 13) in base 12?
10
2 (base 14) to base 12
2
-14 (base 14) to base 13
-15
What is 2 (base 3) in base 10?
2
What is -3 (base 6) in base 7?
-3
-a (base 13) to base 3
-101
What is 30 (base 9) in base 7?
36
What is -2 (base 8) in base 9?
-2
What is -10 (base 2) in base 10?
-2
-9 (base 12) to base 14
-9
Convert 0 (base 7) to base 10.
0
Convert -224 (base 6) to base 8.
-130
111 (base 3) to base 6
21
What is -a (base 15) in base 14?
-a
Convert 4 (base 6) to base 12.
4
-2 (base 8) to base 5
-2
-32 (base 13) to base 15
-2b
2 (base 16) to base 4
2
-10 (base 7) to base 3
-21
Convert f (base 16) to base 4.
33
What is -268 (base 9) in base 15?
-ee
Convert -2 (base 4) to base 16.
-2
-130 (base 5) to base 9
-44
What is -10111 (base 2) in base 11?
-21
Convert 1213 (base 6) to base 10.
297
0 (base 11) to base 12
0
What is 10 (base 9) in base 2?
1001
Convert 24 (base 10) to base 11.
22
Convert -65 (base 8) to base 4.
-311
Convert 210 (base 10) to base 6.
550
What is 5 (base 12) in base 9?
5
-17 (base 15) to base 5
-42
What is -89 (base 10) in base 6?
-225
What is -1 (base 15) in base 11?
-1
Convert -10110 (base 3) to base 8.
-135
What is 1 (base 2) in base 14?
1
7 (base 8) to base 2
111
What is -221 (base 7) in base 5?
-423
Convert 48 (base 11) to base 8.
64
-13 (base 7) to base 2
-1010
-12 (base 7) to base 11
-9
Convert 0 (base 16) to base 8.
0
What is 3 (base 8) in base 12?
3
Convert 10 (base 6) to base 5.
11
15 (base 10) to base 12
13
Convert 2 (base 9) to base 13.
2
Convert 1010 (base 2) to base 11.
a
11 (base 5) to base 16
6
-1 (base 2) to base 4
-1
Convert 11 (base 4) to base 5.
10
Convert -1 (base 7) to base 12.
-1
10 (base 2) to base 5
2
Convert -39 (base 14) to base 5.
-201
-11 (base 11) to base 6
-20
-3 (base 4) to base 8
-3
Convert -2121 (base 3) to base 2.
-1000110
Convert 11 (base 11) to base 14.
c
-1100 (base 3) to base 11
-33
What is -43 (base 9) in base 16?
-27
What is 1 (base 11) in base 13?
1
Convert -5 (base 6) to base 7.
-5
Convert -266 (base 11) to base 10.
-314
75 (base 11) to base 6
214
-79 (base 14) to base 8
-153
Convert 35 (base 14) to base 15.
32
Convert 11 (base 3) to base 12.
4
What is 212 (base 6) in base 9?
88
Convert 10 (base 6) to base 11.
6
-8 (base 16) to base 13
-8
What is 3 (base 10) in base 7?
3
-25 (base 8) to base 16
-15
What is 15 (base 8) in base 12?
11
Convert -100 (base 3) to base 9.
-10
-148 (base 11) to base 3
-20102
Convert 1 (base 6) to base 2.
1
Convert -33 (base 10) to base 11.
-30
Convert -121 (base 3) to base 14.
-12
What is -142 (base 6) in base 12?
-52
-14 (base 8) to base 15
-c
111 (base 8) to base 15
4d
-40 (base 6) to base 13
-1b
Convert 132 (base 4) to base 10.
30
Convert -58 (base 10) to base 6.
-134
What is -5 (base 13) in base 10?
-5
-1a (base 12) to base 2
-10110
Convert 18 (base 9) to base 11.
16
Convert 3 (base 15) to base 10.
3
What is -4 (base 9) in base 7?
-4
What is -1b1 (base 14) in base 12?
-253
What is 152 (base 6) in base 8?
104
Convert 51 (base 9) to base 6.
114
-1 (base 16) to base 9
-1
-1 (base 3) to base 15
-1
Convert -2 (base 14) to base 15.
-2
Convert 1054 (base 6) to base 16.
fa
-12 (base 12) to base 2
-1110
Convert -1 (base 9) to base 10.
-1
Convert -21 (base 6) to base 13.
-10
Convert 1 (base 3) to base 16.
1
9 (base 12) to base 7
12
-109 (base 10) to base 8
-155
Convert 112 (base 7) to base 5.
213
Convert -ab (base 12) to base 7.
-245
-3 (base 16) to base 15
-3
210 (base 4) to base 13
2a
5 (base 12) to base 15
5
-1 (base 9) to base 12
-1
2342 (base 5) to base 10
347
What is 98 (base 15) in base 2?
10001111
Convert -1 (base 6) to base 5.
-1
10 (base 8) to base 13
8
What is -8 (base 15) in base 5?
-13
What is -61 (base 8) in base 13?
-3a
Convert -10 (base 10) to base 2.
-1010
-11 (base 6) to base 5
-12
What is -11 (base 5) in base 15?
-6
What is -12 (base 15) in base 5?
-32
Convert 1c (base 15) to base 16.
1b
-3 (base 7) to base 8
-3
Convert d (base 15) to base 16.
d
Convert -3 (base 7) to base 3.
-10
What is 23 (base 7) in base 8?
21
10 (base 11) to base 3
102
Convert -4 (base 9) to base 13.
-4
What is -16 (base 7) in base 14?
-d
What is 0 (base 6) in base 16?
0
113 (base 5) to base 9
36
Convert 2300 (base 4) to base 15.
bb
What is -303 (base 12) in base 13?
-276
What is -19 (base 11) in base 16?
-14
-44 (base 6) to base 13
-22
What is -331 (base 6) in base 9?
-151
What is -10 (base 2) in base 16?
-2
350 (base 10) to base 5
2400
b8 (base 15) to base 4
2231
Convert 1 (base 2) to base 15.
1
Convert 47 (base 14) to base 12.
53
Convert 17 (base 15) to base 11.
20
What is 236 (base 8) in base 4?
2132
0 (base 15) to base 11
0
62 (base 7) to base 11
40
What is -d (base 15) in base 2?
-1101
What is -75 (base 13) in base 4?
-1200
Convert 7 (base 12) to base 10.
7
-168 (base 10) to base 3
-20020
What is 303 (base 6) in base 15?
76
What is -463 (base 8) in base 9?
-371
What is 11 (base 2) in base 6?
3
Convert -212 (base 3) to base 11.
-21
What is -6 (base 13) in base 2?
-110
What is 4 (base 7) in base 12?
4
What is 124 (base 13) in base 12?
147
Convert 